at is q(-14)?
-34
Let f(p) = p + 9. Determine f(-7).
2
Let x(l) = -l**2 + 6*l. Give x(6).
0
Let i(n) = n**3 + 20*n**2 + n - 49. Calculate i(-20).
-69
Let g(z) = z**2 + 2*z - 45. Give g(-9).
18
Let w(l) = -l + 29. What is w(0)?
29
Let k(v) = v**2 - 66*v + 1086. Determine k(34).
-2
Let y(a) = a**3 - 3*a**2 + 3*a - 2. What is y(4)?
26
Let c(g) = -g**3 - 4*g**2 + 13*g - 3. Determine c(-6).
-9
Let t(s) = -4*s - 2. What is t(6)?
-26
Let u(w) = -2*w + 6. Give u(11).
-16
Let u(y) = 9*y**2 + 3*y + 1. Give u(-2).
31
Let k(m) = -11*m + 26. What is k(4)?
-18
Let g(n) = 15*n + 7. What is g(-5)?
-68
Let o(r) = -r**3 + 4. Determine o(-2).
12
Let s(d) = d**3 + 6*d**2 + 4*d - 7. Give s(-3).
8
Let g(l) = -43*l**3 - l**2. Give g(1).
-44
Let k(a) = -7*a + 235. Determine k(33).
4
Let z(w) = -w**3 + 2*w**2 - 6. Determine z(2).
-6
Let d(x) = -7*x + 300. What is d(40)?
20
Let y(f) = 23*f**3 - f**2 - 3*f - 1. What is y(-1)?
-22
Let t(p) = -p**3 - 9*p**2 - 4*p - 7. What is t(-5)?
-87
Let t(f) = f**2 + 10*f + 19. Determine t(-7).
-2
Let y(t) = 2*t**2 + 7*t + 1. Calculate y(-5).
16
Let g(j) = j - 19. Calculate g(17).
-2
Let r(q) = -42*q + 1. Determine r(1).
-41
Let n(y) = -2*y - 15. Determine n(-6).
-3
Let h(i) = i**2 - 12*i + 18. What is h(9)?
-9
Let b(y) = 11*y - 1. Calculate b(-2).
-23
Let s(i) = -i**2 + 12*i + 1. Determine s(12).
1
Let k(r) = -r**3 - 5*r**2 + 5*r + 31. Calculate k(-3).
-2
Let y(m) = m**3 + 15*m**2 - 15*m + 8. What is y(-16)?
-8
Let f(a) = -4*a + 6. What is f(1)?
2
Let t(v) = 14*v - 145. What is t(11)?
9
Let p(g) = -g**3 - 26*g**2 + 59*g + 84. What is p(-28)?
0
Let n(u) = -25*u**2 + 3*u - 2. Calculate n(1).
-24
Let o(s) = 12*s - 136. What is o(12)?
8
Let k(b) = 22*b**3. Calculate k(-1).
-22
Let m(n) = 6*n**2 + 3*n + 6. What is m(-4)?
90
Let i(z) = z - 1. What is i(1)?
0
Let o(u) = -2*u**3 - 6*u**2 + u + 2. Calculate o(-3).
-1
Let j(h) = -16*h + 41. What is j(3)?
-7
Let u(b) = -b**2 + 4. Give u(-3).
-5
Let u(z) = 2*z**2 + 3*z + 3. What is u(-1)?
2
Let p(s) = -2*s**2 + 15*s - 71. What is p(5)?
-46
Let t(w) = w + 1. Determine t(5).
6
Let r(l) = -2*l - 26. What is r(-9)?
-8
Let m(z) = -z**3 - 5*z**2 - 3*z - 13. Give m(-5).
2
Let f(c) = c**2 - 16*c + 17. Give f(15).
2
Let m(q) = -q**3 - 17*q**2 - 28*q + 27. What is m(-15)?
-3
Let p(u) = -u**2 - 9*u + 14. Calculate p(-6).
32
Let o(k) = -2*k - 9. Give o(-7).
5
Let b(s) = -s**3 - 5*s**2 + 10*s + 16. What is b(-6)?
-8
Let g(s) = -11*s - 32. Give g(-3).
1
Let g(l) = -2*l**3 - 57*l**2 + 27*l - 45. Calculate g(-29).
13
Let n(a) = a**3 + 10*a**2 + 9*a + 9. What is n(-9)?
9
Let r(v) = v**2 - 43*v + 80. What is r(2)?
-2
Let m(n) = 24*n + 56. Calculate m(-2).
8
Let j(q) = -q**3 - 14*q**2 - 14*q - 8. What is j(-13)?
5
Let b(n) = 3*n - 35. Calculate b(9).
-8
Let f(b) = -b**3 - 23*b**2 + 45*b - 33. Give f(-25).
92
Let j(s) = -3*s**2 - 27*s - 9. Determine j(-8).
15
Let a(b) = -b**3 + 9*b**2 + 6*b - 110. Determine a(8).
2
Let g(h) = -13*h**2 - 4*h - 1. Calculate g(-1).
-10
Let h(c) = -c**3 - 5*c**2 + 7*c + 7. What is h(-6)?
1
Let y(i) = -i**3 + 2*i**2 + 3*i - 6. Determine y(3).
-6
Let q(d) = -d**2 + 1. What is q(3)?
-8
Let l(m) = m**3 + 28*m**2 + 50*m - 34. What is l(-26)?
18
Let k(d) = d - 28. What is k(16)?
-12
Let d(f) = -26*f - 261. Calculate d(-10).
-1
Let h(y) = y**2 - 5*y + 7. Give h(4).
3
Let r(x) = x**3 - 10*x**2 - x + 6. What is r(4)?
-94
Let l(n) = -27*n + 111. What is l(4)?
3
Let q(t) = -t**3 - 4*t**2 + 7*t - 2. Give q(-5).
-12
Let j(h) = -h**2 - 6*h + 10. Calculate j(4).
-30
Let h(i) = -i**2 + 35*i - 65. What is h(33)?
1
Let v(x) = -x**3 + 12*x**2 + 27*x + 16. Give v(14).
2
Let v(y) = -y**2 - 8*y - 11. Calculate v(-7).
-4
Let y(b) = 33*b**3 + 2*b**2 - 2*b + 1. Calculate y(1).
34
Let a(g) = g**2 - 4*g - 1. Determine a(5).
4
Let l(o) = -2*o**3 + o**2 + o. Determine l(-2).
18
Let i(j) = -j**3 + 19*j**2 + 41*j + 23. What is i(21)?
2
Let h(n) = n**2 + 5. What is h(0)?
5
Let j(n) = n**2 - 39*n - 28. What is j(39)?
-28
Let z(u) = -u**2 + 18*u - 68. Determine z(13).
-3
Let z(g) = -g**2 - 23*g + 84. Calculate z(-26).
6
Let c(r) = r**2 - 3*r + 1. What is c(6)?
19
Let c(s) = s**2 + 22*s - 43. Calculate c(2).
5
Let x(h) = -5*h + 2. Calculate x(-3).
17
Let q(b) = -b**3 - 5*b**2 - 2*b + 1. Determine q(-2).
-7
Let n(q) = -2*q**2 - q + 6. Calculate n(6).
-72
Let f(k) = -4*k**2 + 7*k + 7. What is f(-4)?
-85
Let k(q) = -3*q**3 + 2*q**2 + 2*q - 1. Determine k(-2).
27
Let c(r) = 2*r + 27. What is c(-13)?
1
Let a(n) = -n**3 + 7*n + 6. Give a(-4).
42
Let u(f) = 6*f - 87. Calculate u(14).
-3
Let n(d) = -d**3 - 5*d**2 - 7*d - 5. Calculate n(-4).
7
Let r(t) = t + 1. Calculate r(5).
6
Let s(f) = 10*f**2 + 2*f + 1. Calculate s(-1).
9
Let s(z) = 34*z - 510. Determine s(15).
0
Let g(l) = 13*l**3 - 2*l - 2. Calculate g(-1).
-13
Let g(c) = c**3 - 6*c. Calculate g(-3).
-9
Let d(p) = -p**2 - 3*p + 15. Give d(-8).
-25
Let n(j) = 3*j**3 + 3*j**2 - 3. Give n(2).
33
Let q(v) = -2*v**3 + 5*v**2 + 2*v + 1. What is q(3)?
-2
Let i(m) = 27*m - 2. Calculate i(-1).
-29
Let b(p) = -12*p - 7. What is b(0)?
-7
Let d(z) = -z**2 + z + 30. Calculate d(0).
30
Let y(l) = -3*l**3 - 8*l**2 - 13*l - 6. Calculate y(-3).
42
Let z(n) = -3*n + 3. Give z(2).
-3
Let a(d) = d**2 + 12*d + 50. What is a(-5)?
15
Let f(z) = -11*z**2 - 13*z - 9. What is f(-2)?
-27
Let s(y) = y**3 + 5*y**2 - y - 7. Give s(-4).
13
Let g(s) = s**3 - 7*s**2 + 2*s - 20. Give g(7).
-6
Let s(w) = -w**3 - 10*w**2 - w + 5. Determine s(-10).
15
Let f(r) = 2*r**2 - 10*r + 54. What is f(6)?
66
Let y(i) = i + 8. Give y(-3).
5
Let h(m) = 4*m - 28. What is h(5)?
-8
Let q(l) = -l**3 - 2*l**2 + 17*l + 26. Determine q(-6).
68
Let t(z) = -2*z + 12. What is t(0)?
12
Let d(f) = 11*f**2 + 24*f + 5. What is d(-3)?
32
Let u(s) = -s - 5. Give u(0).
-5
Let t(f) = 7*f**2 - f + 1. Determine t(1).
7
Let o(j) = -5*j - 23. Calculate o(-4).
-3
Let k(s) = -s**2 - s - 18. Give k(0).
-18
Let b(l) = l**3 + 6*l**2 - 16*l + 3. Determine b(-7).
66
Let i(k) = k**2 + 16*k - 25. Determine i(-17).
-8
Let p(n) = n**2 + 18*n + 57. Calculate p(-14).
1
Let u(d) = d**3 + 17*d**2 + 24*d + 133. What is u(-16)?
5
Let a(h) = 12*h - 3. Calculate a(-2).
-27
Let x(r) = r**2 + 11*r + 32. Calculate x(-8).
8
Let d(k) = 8*k**2. What is d(1)?
8
Let w(f) = 4*f - 53. What is w(17)?
15
Let i(f) = -9*f**2 - 14*f + 3. What is i(-2)?
-5
Let a(y) = -2*y - 17. Determine a(-12).
7
Let b(t) = t**2 - 24*t + 72. Give b(3).
9
Let n(o) = -5*o**2 + 4*o - 3. What is n(1)?
-4
Let y(o) = o**3 + 8*o**2 - 6*o + 16. What is y(-9)?
-11
Let m(o) = -12*o - 1. Calculate m(-2).
23
Let a(b) = -b + 9. Calculate a(4).
5
Let h(d) = d**3 + 5*d**2 - 13*d - 2. What is h(-7)?
-9
Let d(l) = -l**3 - 18*l**2 + 19*l + 14. Determine d(-19).
14
Let c(b) = 2*b - 2. Give c(2).
2
Let a(x) = -2*x**2 - 70*x + 88. What is a(-37)?
-60
Let i(f) = -3*f**2 - 22*f - 48. Calculate i(-6).
-24
Let w(i) = -i**2 + 14*i + 15. Calculate w(15).
0
Let a(p) = 3*p + 50. Calculate a(-14).
8
Let w(d) = 16*d + 601. What is w(-37)?
9
Let q(v) = -3*v**2 - 9*v + 14. Calculate q(4).
-70
Let r(b) = -b**3 + 19*b**2 + 20*b + 7. Determine r(20).
7
Let x(j) = 4*j**2 + 3*j + 2. Give x(-3).
29
Let u(g) = -16*g**3 - 3*g**2. Determine u(-2).
116
Let u(f) = f**3 + 47*f**2 - 104*f - 299. What is u(-49)?
-5
Let v(z) = -2*z**2 - 61*z + 33. Give v(-31).
2
Let n(p) = -7*p**2 - 7*p - 3. Give n(3).
-87
Let z(j) = -j**3 + j**2. Calculate z(-1).
2
Let z(j) = j**3 - 7*j**2 + 7*j + 2. What is z(6)?
8
Let g(a) = -7*a - 54. What is g(-18)?
72
Let h(s) = -9*s + 11. Calculate h(4).
-25
Let i(h) = h**2 - 17*h + 45. What is i(9)?
-27
Let d(y) = -y**2 + 4*y - 19. Give d(8).
-51
Let t(a) = a - 16. What is t(11)?
-5
Let n(s) = s**3 + s**2 + 7. What is n(3)?
43
Let q(n) = n**3 + 3*n**2 - 3*n + 4. Give q(-3).
13
Let j(w) = w**2 - 7*w + 19. Determine j(4).
7
Let u(z) = -z**3 - 30*z**2 + 31*z - 6. What is u(-31)?
-6
Let d(k) = k**2 - 21*k + 71. Give d(5).
-9
Let z(b) = -3*b - 12. Determine z(-6).
6
Let z(b) = 18*b. What is z(1)?
18
Let f(n) = n**2 + n. Determine f(-3).
6
Let b(o) = o**3 + o**2 - 2*o - 1. Determine b(-3).
-13
Let a(j) = -j**2 + 18. Give a(5).
-7
Let w(b) = b**3 - 2*b**2 - 2*b - 9. Give w(4).
15
Let i(m) = m**2 - 17*m - 59. What is i(-3)?
1
Let v(x) = -x**3 + 8*x**2 + 21*x - 20. Calculate v(10).
-10
Let s(c) = c**3 - 18*c**2 + 30*c